ose 0*n - c = -3*n + 38, c - o = -4*n. What is the highest common factor of 176 and n?
11
Let x be (-1 + 4)*10/3. Let t(o) = 111*o + 1543. Let r be t(-14). Let d = x - r. Calculate the highest common divisor of 14 and d.
7
Suppose 286*t + 164211 = 2776821. What is the highest common factor of t and 203?
203
Suppose 5211*z = 5189*z + 16720. What is the greatest common divisor of 3496 and z?
152
Let x(b) = 16*b + 55. Let f(k) = -13*k - 21. Let t be f(-2). Let r be x(t). What is the greatest common factor of r and 5?
5
Suppose 4*s + s - 45 = -5*f, 0 = 3*s + 2*f - 22. Let j = -53 + 20. Let g be -26 - -29 - 1*j. Calculate the highest common factor of g and s.
4
Let j be (-4)/14 - 0 - (-630)/(-49)*-628. What is the greatest common divisor of 22 and j?
22
Suppose 8*j + 4931 = 1915. Let n = 389 + j. Calculate the highest common factor of n and 15.
3
Suppose -2*j + 1186 = -2*r, j + 49*r = 44*r + 623. Calculate the greatest common divisor of 1150 and j.
46
Suppose 97280 = -314*y + 409*y. Calculate the highest common divisor of 80 and y.
16
Let r = -3721 - -5525. Calculate the greatest common factor of r and 176.
44
Let d = -362 + 377. Suppose 2*t - 57 = -3*z - d, 39 = t - 3*z. Calculate the greatest common divisor of 27 and t.
27
Suppose 4*w + 780 = y + 3*y, -5*w - 2*y = 954. Let h = w + 88. Let f = h - -168. What is the greatest common divisor of f and 160?
32
Let p(i) = i**2 + 3*i - 28. Let o be p(10). Calculate the greatest common divisor of o and 12.
6
Suppose 0 = 2*i + 5*i - 9548. Let f = -841 + i. Suppose -2*l - 102 = -j - 4*l, 5*j - 3*l - f = 0. What is the highest common factor of j and 8?
8
Suppose 2*b + 12*a - 11370 = 7*a, 0 = b + a - 5676. Calculate the highest common divisor of b and 9.
9
Suppose l = -4*l + 1265. Let w = 33264 - 33253. What is the highest common factor of l and w?
11
Let n be (-1)/(-2)*(-60)/(-6). Let v be 28/n - 6/(-15). Let z = -3646 + 3682. Calculate the highest common factor of z and v.
6
Suppose 6 = 5*b + 1. Let p be ((-17)/(-4))/b*44. Suppose 3*c = 5*l + 21, -318*l = -313*l - 30. What is the greatest common divisor of p and c?
17
Let q be 63/(-18)*(-3 + 19/(-7)). Let l be (-24)/q - (-106)/5. Calculate the highest common factor of l and 16.
4
Let h be (-6)/(-27) + (-468)/(-81) + 4. What is the highest common factor of h and 2390?
10
Suppose -280*s = -1696 - 1944. Let n(h) = -4*h + 2. Let k be n(-6). What is the highest common divisor of k and s?
13
Let h(i) = 100*i - 1588. Let c be h(16). Suppose 0 = -3*y - 2*y + 20, -4*t + 1660 = -5*y. Calculate the highest common divisor of t and c.
12
Let m(g) = -34*g - 72. Let z be m(4). Let c = 228 + z. What is the highest common divisor of 180 and c?
20
Suppose 818 = 5*x + 4*s, -251 = -3*x + 3*s + 229. Let o = x - 152. Calculate the highest common factor of o and 1.
1
Let m be 6/66 + (-1)/11. Suppose 3*y + 4*d = 6*d + 128, m = 2*d + 8. What is the highest common divisor of 10 and y?
10
Let g(b) = 407*b**2 + 41*b - 124. Let y be g(2). Calculate the greatest common divisor of 1403 and y.
61
Suppose 34 = 5*r + 14*i - 13*i, 3*i + 3 = 0. What is the greatest common factor of r and 9443?
7
Let k(h) = 6*h + h - 58 + 12*h**2 - 9*h**2 + 15*h - 6*h. Let y be k(4). Calculate the greatest common factor of 243 and y.
27
Let k = 4429 - 3597. What is the greatest common factor of k and 512?
64
Let g = 1049 - 937. Calculate the greatest common divisor of g and 728.
56
Suppose -196 = -d - 2*d + 4*h, 3*h + 131 = 2*d. Let s be (134 - 2)*((152/(-42))/(182/637) - -14). What is the highest common factor of s and d?
16
Let a(p) = -p**2 - 74*p + 212. Let t be a(-45). What is the greatest common divisor of 111 and t?
37
Let c = 306 + -286. Suppose 420 = 10*i + c*i. What is the greatest common divisor of i and 574?
14
Let z = -588 - -588. Suppose z = -36*m + 164 + 16. Calculate the greatest common factor of m and 625.
5
Let o = 9 - 6. Suppose -o*t = -2*r + 3, 5*r = -2*t + 48 + 7. Let q be 6 + 1500/(-260) - (-108)/39. Calculate the greatest common factor of q and r.
3
Let u be 0 - (1 + 0)*(10 - 8). Let d be (-2*(-10 - u))/((-146)/(-365)). Calculate the greatest common factor of d and 20.
20
Suppose -6*f + 3553 + 1616 + 333 = 0. Calculate the greatest common factor of 28 and f.
7
Let c = 8409 + -8406. Calculate the greatest common divisor of 569 and c.
1
Suppose -11*a + 7*a + 4 = 0. Let n be (1 + 1 + (-2 - -5))*a. Let v be 17 + n - 4/(-2). Calculate the greatest common factor of 24 and v.
24
Let p be ((-10)/3)/((-6)/594). Calculate the highest common factor of 132 and p.
66
Suppose 20 = 4*y - 3*l - 3, 3 = y + 2*l. Suppose y*x - b - 334 = -3*b, 0 = -x - 3*b + 59. What is the greatest common divisor of x and 85?
17
Let m(a) = a**3 + 42*a**2 + 17*a + 735. Let q be m(-42). Calculate the highest common divisor of 87 and q.
3
Let t = 86 + -87. Let y(x) = 28*x**2 + 6*x + 4. Let z be y(t). What is the highest common divisor of 286 and z?
26
Suppose 62 = b - 2*b. Let y = -57 - b. Suppose -4*q = -2*c + 436 - 48, y*c = q + 997. What is the highest common divisor of c and 80?
40
Let w(o) = -o**2 + 28*o - 6. Let v = -11 - -38. Let b be w(v). Calculate the greatest common factor of 70 and b.
7
Suppose 384 - 1664 = -16*h. Calculate the highest common factor of h and 8720.
80
Suppose 76*l + 8*l - 4032 = 0. Let j = -19 + 24. Suppose -n + 5*h = -100, h = -j*n - 2*h + 388. Calculate the greatest common factor of l and n.
16
Suppose -113326 = -10*v - 20*v + 58874. Calculate the greatest common divisor of 700 and v.
140
Let r = 6649 + -6642. What is the highest common factor of r and 847?
7
Let m be 4120/2 - (37 + 3 + -37). What is the highest common factor of m and 561?
187
Let k(j) = -4*j**2 + 10*j + 10. Let w be k(5). Let h = w + 54. What is the highest common divisor of 350 and h?
14
Suppose -3*s - d + 1256 = 0, -10*s + 11*s + 4*d - 404 = 0. Calculate the highest common factor of 588 and s.
84
Let p(h) = h**2 - h - 1. Let l = -24 - -29. Let f be p(l). What is the highest common divisor of f and 133?
19
Let r = 30 + -12. Suppose -3*s - 10*w + 36 = -13*w, 4*s - 2*w = 42. Suppose 605 + 529 = s*y. What is the greatest common divisor of r and y?
18
Let o be 60/(-4)*920/(-276). Let c be (7/21)/((-2)/(-30)). Suppose -2*k = b - 22, -4*b + 22 = c*k - 36. What is the highest common factor of k and o?
10
Let d = -4100 - -4170. Calculate the highest common divisor of d and 1148.
14
Let l(r) = -32*r**3 - 5*r**2 + 93*r + 199. Let z be l(-2). Calculate the highest common divisor of z and 83.
83
Let z = -9229 + 9292. What is the highest common factor of z and 5754?
21
Suppose 0 = -17*y - 97 + 556. Suppose 3*v = i + 92, i = -v + 9 + y. What is the highest common divisor of v and 2?
2
Suppose 6*d = -4*d + 249 - 69. Calculate the highest common divisor of d and 18.
18
Let q be 1 + (5 - -7 - 5). Let n be q*-18*13/(-39). Calculate the greatest common factor of 480 and n.
48
Suppose -21*b = -7400 - 14524. Let l = b + -888. What is the greatest common divisor of l and 429?
39
Suppose -3*y = -15 - 3. Suppose 23*g = y*g + 221. What is the greatest common factor of g and 169?
13
Let o(a) = -a**3 + a**2 - a + 7. Let j be o(2). Let v be 3 + 1 - -7*j. Let u be v + (5 - 2) + -1. Calculate the highest common factor of 143 and u.
13
Suppose -w = -9*s + 14*s - 605, 3*s - 363 = 2*w. Suppose -3*g + 10 - s = -5*q, -2*q + 46 = -2*g. What is the greatest common divisor of q and 12?
3
Suppose d - 12 + 7 = 0. Suppose q = -2*s + d*s + 19, -q = -s - 25. Let p be (-21)/(-1)*(-2)/(-3). What is the greatest common factor of q and p?
14
Suppose -25 = b - 6*b. Suppose 3*j = -b*l - 289 - 49, 2*j = -3*l - 203. Let w = l + 70. What is the highest common divisor of 33 and w?
3
Suppose k = -k - 4*k. Suppose 5*h - 20 = 2*m - 4, k = -5*m + 3*h - 2. Suppose -m*c = c + 4*t, 4 = -2*c - 4*t. What is the highest common factor of 16 and c?
4
Let x be (-2055)/4 + (4/(-2))/8. Let p = 1008 + x. Let f = p + -131. What is the highest common factor of f and 33?
33
Let n be (489/(-6))/(1 - 8/16). Suppose 4*i + 429 = 161. Let v = i - n. Calculate the greatest common factor of 24 and v.
24
Let h(p) = -4*p**2 + 104*p**2 + 124*p**2. Suppose -5*s + 0 = -5. Let k be h(s). Calculate the greatest common factor of k and 28.
28
Let t = -21049 + 21164. Calculate the highest common divisor of 736 